rs of h(-8)?
3, 7, 17
Let x = 11033 + 743. What are the prime factors of x?
2, 23
Suppose 2*s + 10622 = -38*r + 40*r, 4*r - 5*s = 21247. What are the prime factors of r?
2, 1327
Suppose -7688*s = -7582*s - 3098804. List the prime factors of s.
2, 47, 311
Let o(i) be the second derivative of 3*i**5/20 - 2*i**4/3 + 2*i**3 - i**2/2 + 3*i - 19. List the prime factors of o(4).
3, 37
Suppose 0 = 104*b - 105*b - 1, 0 = -c + 3*b + 2958. List the prime factors of c.
3, 5, 197
Suppose 345805 = 43*u + 469852 - 2010629. What are the prime factors of u?
2, 21937
Let h = 273 - -1171. Let m = h + -49. What are the prime factors of m?
3, 5, 31
Let s be (-1)/(-2) + (-233)/(-2). Let h(t) = -t**3 + 7*t**2 + 20*t - 14. Let q be h(9). Suppose -s - 131 = -q*v. What are the prime factors of v?
2, 31
Let l(b) = -267*b + 884. What are the prime factors of l(-21)?
6491
Suppose 6*j - 125 = j. Let n = -13 + j. Suppose -q + 40 + n = 0. What are the prime factors of q?
2, 13
Suppose 2 = 14*g - 12. List the prime factors of 6*g/(-4)*-26*10.
2, 3, 5, 13
Suppose c = -6*c + 84. Suppose -7*y = -c*y + 20. Let q(h) = h**3 - 3*h**2 - 2*h. What are the prime factors of q(y)?
2
Suppose 4*v = 2*m + 54170 + 65884, 3*v - 90045 = 3*m. What are the prime factors of v?
2, 3, 41, 61
Suppose -2*m + h - 1469 = -230, 3*m - 4*h = -1856. Let s = 1119 + m. What are the prime factors of s?
499
Suppose -20*y + s - 3 = -15*y, 0 = y + 2*s - 6. Suppose -2*c + c + 144 = y. List the prime factors of c.
2, 3
What are the prime factors of (3 - -2)/(177/378603)?
3, 5, 23, 31
Suppose -v = 3*g - 8, -8*g = -3*g - v - 16. What are the prime factors of (g - 30/18)/(8/9564)?
2, 797
Let j = -9 - 26. What are the prime factors of (1/2)/(j/(-770))?
11
Suppose 38*c + 59217 = 58*c - 138263. What are the prime factors of c?
2, 4937
Suppose 10*k - 271 - 19997 - 15562 = 0. List the prime factors of k.
3583
Suppose 2*p + 13*v - 17*v - 22 = 0, 5*p - v = 19. What are the prime factors of 72/(-3*p/(-6))?
2, 3
Let r(o) = -1666*o + 1061. List the prime factors of r(-10).
3, 11, 179
Suppose -1605 = -58*a + 43*a. Suppose 734 - a = c. What are the prime factors of c?
3, 11, 19
Let u(h) = -2*h**3 + 18*h**2 - 36*h + 4. List the prime factors of u(-19).
2, 3, 13, 67
Suppose 0 = -2*y - 2*y - 4*w + 8, 2*y + 5*w = -5. Let g be (1 - 1) + (-12)/(-3 - 0). List the prime factors of (y*(-36)/(-50))/(g/10).
3
List the prime factors of (8 + (-693)/84)*-118892.
29723
Suppose 2*m + 9158 + 10217 = b, 4*b - m = 77549. What are the prime factors of b?
3, 23, 281
Suppose -2*o + 7 = -5. Let i(j) = -4*j - 6. Let h be i(o). What are the prime factors of h*((-32)/6)/4?
2, 5
Let h be 62/(-1) - (37 - 39). List the prime factors of (3/h + 3/(-15))*-1948.
487
Suppose -62*r + 102888 = -50*r. Suppose 9*h = 480 + r. What are the prime factors of h?
2, 503
Let w be 5/(-3)*516/(-215). Suppose 1 - 9 = -w*n, 4*b = -5*n + 1590. List the prime factors of b.
5, 79
Let z(x) = -5*x**2 - 591*x + 459. List the prime factors of z(-111).
3, 5, 11
Let f be (-235)/(-20) + 7/28. Suppose 2*s + b - 187 = 0, 8*b - 356 = -4*s + f*b. What are the prime factors of s?
2, 23
Let z be 4/(-26) + (-240)/(-208). Suppose -z = 3*o - 43. List the prime factors of o.
2, 7
Suppose -9 = -60*a + 57*a. Suppose -z + 1824 = 3*p, 0 = -2*p - a*z + 7*z + 1202. List the prime factors of p.
607
Let q(n) = 19*n**2 - 8*n - 17. Let p be q(-8). Suppose -b = 2*b - p. List the prime factors of b.
421
Suppose -3*i + 2*c = 7*c - 2769, -3692 = -4*i + 4*c. List the prime factors of i.
13, 71
Suppose -25376*s + 25356*s + 253280 = 0. What are the prime factors of s?
2, 1583
Suppose 5*h = 2*x - 33, x + 6*h - 2*h = -16. Suppose x*n - 3705 = -11*n. List the prime factors of n.
13, 19
Let z(b) = -5*b**2 - b + 2. Let y(f) = -15*f**2 - 2*f + 7. Let j(l) = -2*y(l) + 7*z(l). Let k be j(4). Let m = 238 + k. List the prime factors of m.
2, 73
Suppose -79*b + 92*b = 131404. List the prime factors of b.
2, 7, 19
Let v = 6899 - -989. What are the prime factors of v?
2, 17, 29
Suppose -54 + 414 = 2*i. Suppose -6*m + i = 9*m. Suppose -17*f + m*f = -105. What are the prime factors of f?
3, 7
List the prime factors of (1656/(-60))/(16/(-4040)).
3, 23, 101
Suppose -m + 904 = -5*f, 5*m - 4448 = -0*f + f. Suppose 6*k = 1421 + m. What are the prime factors of k?
5, 7, 11
Let w(b) = 92*b**3 - 13*b**2 + 257*b - 35. What are the prime factors of w(9)?
31, 2203
Let y = 51199 + -10381. List the prime factors of y.
2, 3, 6803
What are the prime factors of 66790/10*(-6)/(-3)?
2, 6679
Suppose 5*l - 1372 = -0*h - 2*h, 5*l - 5*h = 1365. Let f = 712 - l. Suppose 3*z = 6*z - f. List the prime factors of z.
2, 73
Let z = 894 - 164. Suppose 5*f - z = 3*u - 0*u, 0 = -4*f - u + 567. List the prime factors of f.
11, 13
Let w be (-6)/18 + 22/3. Suppose -4*k + w*k - 12 = 0. List the prime factors of (-308)/8*(-8)/k.
7, 11
Suppose 0 = -2*r - 211 + 811. Suppose 21*f - 16*f + r = 0. Let c = -6 - f. What are the prime factors of c?
2, 3
Suppose -3*f - 300 = -3*g, -3*f + 4*g - 391 = -93. Let c be 737/(-4) - (-1)/4. Let p = f - c. List the prime factors of p.
2, 41
Suppose 320*b - 1891183 - 1969051 = 1017206. List the prime factors of b.
2, 7621
Suppose 21*f = -26*f + 275984. What are the prime factors of f?
2, 367
Let l(d) = 67*d - 104. Let a be (-1334)/(-138) + 8/6. List the prime factors of l(a).
3, 211
Let m be (-110)/(-2) + 9/(3 - -6). Suppose 3*l + m + 16 = 0. Let s = l + 52. What are the prime factors of s?
2, 7
Suppose 5*q = -3*f + 64, 2*f + 19 - 83 = 2*q. Let g = -22 + f. Suppose -z = g*z - 434. What are the prime factors of z?
2, 31
Let g = -285 - -3834. List the prime factors of g.
3, 7, 13
Let i be (-98)/((-2)/2) - (1 + -2). Suppose 20*o = -1 - i. Let g(d) = 9*d**2 - 3*d - 5. What are the prime factors of g(o)?
5, 47
Suppose i - 5 + 9 = 0. Let u be (-3)/(-9)*(-24)/i. Suppose u*k = -3*y + 387, y - 5*k - 37 = 92. What are the prime factors of y?
3, 43
Suppose -1599 - 7321 = -5*l - 2*q, 2*q + 5352 = 3*l. Suppose -5*k + 13*k - l = 0. List the prime factors of k.
223
What are the prime factors of -8 - (-11890 - (-2 - 12)*1/(-2))?
3, 1321
Let s(i) = -4*i - 5. Let g(o) = -2*o - 2. Let u(d) = -5*g(d) + 2*s(d). Let l be u(-2). What are the prime factors of 25*10*l/(-8)?
5
Let i(p) = p**3 + 35*p**2 + 22*p + 39. Let x be i(-32). Suppose -5*d + 1223 + x = 0. List the prime factors of d.
2, 3, 11
Let u(f) = -137*f**3 + 7*f**2 + 46*f - 2. List the prime factors of u(-5).
2, 17, 251
List the prime factors of (4/(-10))/(626/(-13156955)).
7, 1201
Suppose 164*f + 636 = 162*f. Let v = f + 1093. List the prime factors of v.
5, 31
Let v = 3866 - -1099. List the prime factors of v.
3, 5, 331
Suppose -53*i + 58*i = 130. Let y be (2 + (-2)/(-3))*3471/i. List the prime factors of (y/10)/(24/10 + -2).
89
Let q = 127 + -130. Let l(i) = -14*i**2 + 5*i - 9. Let z be l(q). Let g = -70 - z. List the prime factors of g.
2, 5
Suppose 18*p = -32*p - 24*p + 1040810. What are the prime factors of p?
5, 29, 97
Let t = 23528 + -13382. List the prime factors of t.
2, 3, 19, 89
Let p(u) = 1959*u**2 - 123*u + 689. What are the prime factors of p(5)?
7, 11, 13
Let k(i) = 17*i**2 + 70*i - 676. List the prime factors of k(26).
2, 3, 13
Let p be 8/(9 + (-4 - 3)). Suppose -4*b + 624 = b + p*j, 4*b + 3*j - 500 = 0. List the prime factors of b.
2
Suppose -3*v + k + 384 = -1539, 0 = 5*k + 15. Let w = 954 - v. List the prime factors of w.
2, 157
Let k(f) = f**3 - 8*f**2 + 5. Suppose -28 = 4*y + 52. Let a be (12/(-10))/(3/y). What are the prime factors of k(a)?
5
Suppose 410*i - 411*i = -5*p + 337840, -270263 = -4*p - i. List the prime factors of p.
67567
Let w(x) be the first derivative of -22*x**2 + 2. Let v(k) = 37*k - 224. Let r be v(6). List the prime factors of w(r).
2, 11
Suppose 14*b + 105504 = -2*b + 48*b. List the prime factors of b.
3, 7, 157
Suppose -4*o = -4*h + 24, -2*o + 4*h = -4*o - 12. Let j(w) = -9*w + 749 + 5*w**2 - 764 - 6*w. What are the prime factors of j(o)?
3, 5, 17
Suppose -34*m + 18744 - 6770 = -82478. List the prime factors of m.
2, 3, 463
Suppose w + 4532 = 3*n + 14304, 2*w = -4*n + 19514. What are the prime factors of w?
13, 751
Let a(u) = 2*u**2 - 7*u + 4. Let k be a(5). Let y = k - 17. Suppose s - 4*x + 4 - 69 = 0, 170 = y*s + 2*x. What are the prime factors 